{"id":63,"date":"2016-11-23T20:13:36","date_gmt":"2016-11-23T20:13:36","guid":{"rendered":"http:\/\/www2.memri.org\/polaco\/?page_id=63"},"modified":"2017-09-30T00:15:12","modified_gmt":"2017-09-29T22:15:12","slug":"zaprenumeruj","status":"publish","type":"page","link":"https:\/\/www2.memri.org\/polish\/zaprenumeruj","title":{"rendered":"Zaprenumeruj"},"content":{"rendered":"<div class=\"wpb-content-wrapper\"><div id=\"tdi_1\" class=\"tdc-row stretch_row\"><div class=\"vc_row tdi_2  wpb_row td-pb-row\" >\n<style scoped>\n\/* custom css - generated by TagDiv Composer *\/\n\n\/* custom css - generated by TagDiv Composer *\/\n.tdi_2,\r\n                .tdi_2 .tdc-columns{\r\n                    min-height: 0;\r\n                }.tdi_2,\r\n\t\t\t\t.tdi_2 .tdc-columns{\r\n\t\t\t\t    display: block;\r\n\t\t\t\t}.tdi_2 .tdc-columns{\r\n\t\t\t\t    width: 100%;\r\n\t\t\t\t}.tdi_2:before,\r\n\t\t\t\t.tdi_2:after{\r\n\t\t\t\t    display: table;\r\n\t\t\t\t}\n<\/style><div class=\"vc_column tdi_4  wpb_column vc_column_container tdc-column td-pb-span12\">\n<style scoped>\n\/* custom css - generated by TagDiv Composer *\/\n\n\/* custom css - generated by TagDiv Composer *\/\n.tdi_4{\r\n                    vertical-align: baseline;\r\n                }.tdi_4 > .wpb_wrapper,\r\n\t\t\t\t.tdi_4 > .wpb_wrapper > .tdc-elements{\r\n\t\t\t\t    display: block;\r\n\t\t\t\t}.tdi_4 > .wpb_wrapper > .tdc-elements{\r\n\t\t\t\t    width: 100%;\r\n\t\t\t\t}.tdi_4 > .wpb_wrapper > .vc_row_inner{\r\n\t\t\t\t    width: auto;\r\n\t\t\t\t}.tdi_4 > .wpb_wrapper{\r\n\t\t\t\t    width: auto;\r\n\t\t\t\t    height: auto;\r\n\t\t\t\t}\n<\/style><div class=\"wpb_wrapper\" ><div class=\"wpb_wrapper td_block_empty_space td_block_wrap vc_empty_space tdi_6 \"  style=\"height: 32px\"><\/div><\/div><\/div><\/div><\/div><div id=\"tdi_7\" class=\"tdc-row\"><div class=\"vc_row vc_custom_1453403740826 tdi_8  wpb_row td-pb-row\" >\n<style scoped>\n\/* custom css - generated by TagDiv Composer *\/\n\n\/* tdc_composer_block - inline css att *\/\n.vc_custom_1453403740826{margin-right: 0px !important;margin-left: 0px !important;border-right-width: 0px !important;border-left-width: 0px !important;padding-right: 0px !important;padding-left: 0px !important;background-image: url(https:\/\/www2.memri.org\/espanol\/wp-content\/uploads\/2016\/01\/red-pattern-small.jpg?id=17482) !important;}\n\/* custom css - generated by TagDiv Composer *\/\n.tdi_8,\r\n                .tdi_8 .tdc-columns{\r\n                    min-height: 0;\r\n                }.tdi_8,\r\n\t\t\t\t.tdi_8 .tdc-columns{\r\n\t\t\t\t    display: block;\r\n\t\t\t\t}.tdi_8 .tdc-columns{\r\n\t\t\t\t    width: 100%;\r\n\t\t\t\t}.tdi_8:before,\r\n\t\t\t\t.tdi_8:after{\r\n\t\t\t\t    display: table;\r\n\t\t\t\t}\n<\/style><div class=\"vc_column tdi_10  wpb_column vc_column_container tdc-column td-pb-span12\">\n<style scoped>\n\/* custom css - generated by TagDiv Composer *\/\n\n\/* custom css - generated by TagDiv Composer *\/\n.tdi_10{\r\n                    vertical-align: baseline;\r\n                }.tdi_10 > .wpb_wrapper,\r\n\t\t\t\t.tdi_10 > .wpb_wrapper > .tdc-elements{\r\n\t\t\t\t    display: block;\r\n\t\t\t\t}.tdi_10 > .wpb_wrapper > .tdc-elements{\r\n\t\t\t\t    width: 100%;\r\n\t\t\t\t}.tdi_10 > .wpb_wrapper > .vc_row_inner{\r\n\t\t\t\t    width: auto;\r\n\t\t\t\t}.tdi_10 > .wpb_wrapper{\r\n\t\t\t\t    width: auto;\r\n\t\t\t\t    height: auto;\r\n\t\t\t\t}\n<\/style><div class=\"wpb_wrapper\" ><div class=\"wpb_wrapper td_block_empty_space td_block_wrap vc_empty_space tdi_12 \"  style=\"height: 70px\"><\/div>[vc_custom_heading text=&#8221;ZAPRENUMERUJ&#8221; font_container=&#8221;tag:h2|text_align:center|color:%23ffffff&#8221; google_fonts=&#8221;font_family:Oswald%3A300%2Cregular%2C700|font_style:400%20regular%3A400%3Anormal&#8221;]<div class=\"wpb_wrapper td_block_separator td_block_wrap vc_separator vc_custom_1453403655389 tdi_14  td_separator_solid td_separator_center\"><span style=\"border-color:custom;border-width:1px;width:10%;\"><\/span>\n<style scoped>\n\/* custom css - generated by TagDiv Composer *\/\n\n\/* tdc_composer_block - inline css att *\/\n.vc_custom_1453403655389{margin-top: 0px !important;margin-bottom: 0px !important;border-top-width: 0px !important;border-bottom-width: 0px !important;padding-top: 0px !important;padding-bottom: 0px !important;}\n\/* custom css - generated by TagDiv Composer *\/\n.td_block_separator{\r\n                  width: 100%;\r\n                  align-items: center;\r\n                  margin-bottom: 38px;\r\n                  padding-bottom: 10px;\r\n                }.td_block_separator span{\r\n                  position: relative;\r\n                  display: block;\r\n                  margin: 0 auto;\r\n                  width: 100%;\r\n                  height: 1px;\r\n                  border-top: 1px solid #EBEBEB;\r\n                }.td_separator_align_left span{\r\n                  margin-left: 0;\r\n                }.td_separator_align_right span{\r\n                  margin-right: 0;\r\n                }.td_separator_dashed span{\r\n                  border-top-style: dashed;\r\n                }.td_separator_dotted span{\r\n                  border-top-style: dotted;\r\n                }.td_separator_double span{\r\n                  height: 3px;\r\n                  border-bottom: 1px solid #EBEBEB;\r\n                }.td_separator_shadow > span{\r\n                  position: relative;\r\n                  height: 20px;\r\n                  overflow: hidden;\r\n                  border: 0;\r\n                  color: #EBEBEB;\r\n                }.td_separator_shadow > span > span{\r\n                  position: absolute;\r\n                  top: -30px;\r\n                  left: 0;\r\n                  right: 0;\r\n                  margin: 0 auto;\r\n                  height: 13px;\r\n                  width: 98%;\r\n                  border-radius: 100%;\r\n                }html :where([style*='border-width']){\r\n                    border-style: none;\r\n                }\n<\/style><\/div><div class=\"wpb_wrapper td_block_empty_space td_block_wrap vc_empty_space tdi_16 \"  style=\"height: 70px\"><\/div><\/div><\/div><\/div><\/div><div id=\"tdi_17\" class=\"tdc-row stretch_row\"><div class=\"vc_row tdi_18  wpb_row td-pb-row\" >\n<style scoped>\n\/* custom css - generated by TagDiv Composer *\/\n\n\/* custom css - generated by TagDiv Composer *\/\n.tdi_18,\r\n                .tdi_18 .tdc-columns{\r\n                    min-height: 0;\r\n                }.tdi_18,\r\n\t\t\t\t.tdi_18 .tdc-columns{\r\n\t\t\t\t    display: block;\r\n\t\t\t\t}.tdi_18 .tdc-columns{\r\n\t\t\t\t    width: 100%;\r\n\t\t\t\t}.tdi_18:before,\r\n\t\t\t\t.tdi_18:after{\r\n\t\t\t\t    display: table;\r\n\t\t\t\t}\n<\/style><div class=\"vc_column tdi_20  wpb_column vc_column_container tdc-column td-pb-span12\">\n<style scoped>\n\/* custom css - generated by TagDiv Composer *\/\n\n\/* custom css - generated by TagDiv Composer *\/\n.tdi_20{\r\n                    vertical-align: baseline;\r\n                }.tdi_20 > .wpb_wrapper,\r\n\t\t\t\t.tdi_20 > .wpb_wrapper > .tdc-elements{\r\n\t\t\t\t    display: block;\r\n\t\t\t\t}.tdi_20 > .wpb_wrapper > .tdc-elements{\r\n\t\t\t\t    width: 100%;\r\n\t\t\t\t}.tdi_20 > .wpb_wrapper > .vc_row_inner{\r\n\t\t\t\t    width: auto;\r\n\t\t\t\t}.tdi_20 > .wpb_wrapper{\r\n\t\t\t\t    width: auto;\r\n\t\t\t\t    height: auto;\r\n\t\t\t\t}\n<\/style><div class=\"wpb_wrapper\" ><div class=\"wpb_wrapper td_block_empty_space td_block_wrap vc_empty_space tdi_22 \"  style=\"height: 32px\"><\/div>[vc_custom_heading text=&#8221;Prosz\u0119 o wpisanie na list\u0119 abonent\u00f3w po polsku&#8221; font_container=&#8221;tag:h2|text_align:left|color:%23545454&#8243; google_fonts=&#8221;font_family:Oswald%3A300%2Cregular%2C700|font_style:400%20regular%3A400%3Anormal&#8221;]<div class=\"wpb_wrapper td_block_separator td_block_wrap vc_separator vc_custom_1453336206814 tdi_24  td_separator_solid td_separator_align_left\"><span style=\"border-color:custom;border-width:1px;width:100%;\"><\/span>\n<style scoped>\n\/* custom css - generated by TagDiv Composer *\/\n\n\/* tdc_composer_block - inline css att *\/\n.vc_custom_1453336206814{margin-top: 0px !important;margin-bottom: 0px !important;border-top-width: 0px !important;border-bottom-width: 0px !important;padding-top: 0px !important;padding-bottom: 0px !important;}\n<\/style><\/div><div class=\"wpb_wrapper td_block_empty_space td_block_wrap vc_empty_space tdi_26 \"  style=\"height: 32px\"><\/div><\/div><\/div><\/div><\/div><div id=\"tdi_27\" class=\"tdc-row\"><div class=\"vc_row tdi_28  wpb_row td-pb-row\" >\n<style scoped>\n\/* custom css - generated by TagDiv Composer *\/\n\n\/* custom css - generated by TagDiv Composer *\/\n.tdi_28,\r\n                .tdi_28 .tdc-columns{\r\n                    min-height: 0;\r\n                }.tdi_28,\r\n\t\t\t\t.tdi_28 .tdc-columns{\r\n\t\t\t\t    display: block;\r\n\t\t\t\t}.tdi_28 .tdc-columns{\r\n\t\t\t\t    width: 100%;\r\n\t\t\t\t}.tdi_28:before,\r\n\t\t\t\t.tdi_28:after{\r\n\t\t\t\t    display: table;\r\n\t\t\t\t}\n<\/style><div class=\"vc_column tdi_30  wpb_column vc_column_container tdc-column td-pb-span12\">\n<style scoped>\n\/* custom css - generated by TagDiv Composer *\/\n\n\/* custom css - generated by TagDiv Composer *\/\n.tdi_30{\r\n                    vertical-align: baseline;\r\n                }.tdi_30 > .wpb_wrapper,\r\n\t\t\t\t.tdi_30 > .wpb_wrapper > .tdc-elements{\r\n\t\t\t\t    display: block;\r\n\t\t\t\t}.tdi_30 > .wpb_wrapper > .tdc-elements{\r\n\t\t\t\t    width: 100%;\r\n\t\t\t\t}.tdi_30 > .wpb_wrapper > .vc_row_inner{\r\n\t\t\t\t    width: auto;\r\n\t\t\t\t}.tdi_30 > .wpb_wrapper{\r\n\t\t\t\t    width: auto;\r\n\t\t\t\t    height: auto;\r\n\t\t\t\t}\n<\/style><div class=\"wpb_wrapper\" >[vc_custom_heading text=&#8221;To jest darmo. Zapisz si\u0119 poni\u017cej.&#8221; font_container=&#8221;tag:h4|text_align:left|color:%23545454&#8243; google_fonts=&#8221;font_family:Oswald%3A300%2Cregular%2C700|font_style:400%20regular%3A400%3Anormal&#8221;][vc_column_text]Aby zapisa\u0107 si\u0119 na darmow\u0105 subskrypcj\u0119 <b>po polsku<\/b>, prosz\u0119 wype\u0142ni\u0107 prosty formularz.\r\n\r\n<b>Twoje informacje s\u0105 zabezpieczone. MEMRI nigdy nie przekazuje dalej \u017cadnych osobistych informacji.<\/b>\r\n\r\n<div class=\"widget_wysija_cont shortcode_wysija\"><div id=\"msg-form-wysija-shortcode69e102f195620-3\" class=\"wysija-msg ajax\"><\/div><form id=\"form-wysija-shortcode69e102f195620-3\" method=\"post\" action=\"#wysija\" class=\"widget_wysija shortcode_wysija\">\n<p class=\"wysija-paragraph\">\n    <label>Imi\u0119 i Nazwisko <\/label>\n    \n    \t<input type=\"text\" name=\"wysija[field][cf_2]\" class=\"wysija-input \" title=\"Imi\u0119 i Nazwisko \"  value=\"\" \/>\n    \n    \n    \n    <span class=\"abs-req\">\n        <input type=\"text\" name=\"wysija[field][abs][cf_2]\" class=\"wysija-input validated[abs][cf_2]\" value=\"\" \/>\n    <\/span>\n    \n<\/p>\n<p class=\"wysija-paragraph\">\n    <label>Email <span class=\"wysija-required\">*<\/span><\/label>\n    \n    \t<input type=\"text\" name=\"wysija[user][email]\" class=\"wysija-input validate[required,custom[email]]\" title=\"Email\"  value=\"\" \/>\n    \n    \n    \n    <span class=\"abs-req\">\n        <input type=\"text\" name=\"wysija[user][abs][email]\" class=\"wysija-input validated[abs][email]\" value=\"\" \/>\n    <\/span>\n    \n<\/p>\n<p class=\"wysija-paragraph\">\n    <label>Ulica <\/label>\n    \n    \t<input type=\"text\" name=\"wysija[field][cf_3]\" class=\"wysija-input \" title=\"Ulica \"  value=\"\" \/>\n    \n    \n    \n    <span class=\"abs-req\">\n        <input type=\"text\" name=\"wysija[field][abs][cf_3]\" class=\"wysija-input validated[abs][cf_3]\" value=\"\" \/>\n    <\/span>\n    \n<\/p>\n<p class=\"wysija-paragraph\">\n    <label>Kraj<\/label>\n    \n    \t<input type=\"text\" name=\"wysija[field][cf_1]\" class=\"wysija-input \" title=\"Kraj\"  value=\"\" \/>\n    \n    \n    \n    <span class=\"abs-req\">\n        <input type=\"text\" name=\"wysija[field][abs][cf_1]\" class=\"wysija-input validated[abs][cf_1]\" value=\"\" \/>\n    <\/span>\n    \n<\/p>\n<p class=\"wysija-paragraph\">\n    <label>Miasto <\/label>\n    \n    \t<input type=\"text\" name=\"wysija[field][cf_4]\" class=\"wysija-input \" title=\"Miasto \"  value=\"\" \/>\n    \n    \n    \n    <span class=\"abs-req\">\n        <input type=\"text\" name=\"wysija[field][abs][cf_4]\" class=\"wysija-input validated[abs][cf_4]\" value=\"\" \/>\n    <\/span>\n    \n<\/p>\n<p class=\"wysija-paragraph\">\n    <label>Pa\u0144stwo <\/label>\n    \n    \t<input type=\"text\" name=\"wysija[field][cf_5]\" class=\"wysija-input \" title=\"Pa\u0144stwo \"  value=\"\" \/>\n    \n    \n    \n    <span class=\"abs-req\">\n        <input type=\"text\" name=\"wysija[field][abs][cf_5]\" class=\"wysija-input validated[abs][cf_5]\" value=\"\" \/>\n    <\/span>\n    \n<\/p>\n<p class=\"wysija-paragraph\">\n\t<label>Chc\u0119 dowiedzie\u0107 si\u0119, jak mog\u0119 pom\u00f3c w badaniach MEMRI:<\/label>\n    \n    \t<label class=\"wysija-radio-label\"><input type=\"radio\" class=\"wysija-radio \" name=\"wysija[field][cf_6]\" value=\"TAK \"  \/>TAK <\/label>\n    \n    \t<label class=\"wysija-radio-label\"><input type=\"radio\" class=\"wysija-radio \" name=\"wysija[field][cf_6]\" value=\"NIE\"  \/>NIE<\/label>\n    \n<\/p>\n<p class=\"wysija-paragraph\">\n\t<label class=\"wysija-select-label\">Tytu\u0142 zawodowy: <\/label>\n    <select class=\"wysija-select \" name=\"wysija[field][cf_7]\">\n        \n        \n            <option value=\"Prosz\u0119 wybra\u0107\">Prosz\u0119 wybra\u0107<\/option>\n        \n            <option value=\"Artysta\/muzyk\/aktor\/artysta estradowy\">Artysta\/muzyk\/aktor\/artysta estradowy<\/option>\n        \n            <option value=\"Duchowny\">Duchowny<\/option>\n        \n            <option value=\"Wychowawca\/nauczyciel\/profesor\/badacz\">Wychowawca\/nauczyciel\/profesor\/badacz<\/option>\n        \n            <option value=\"Student\">Student<\/option>\n        \n            <option value=\"Pisarz\/wydawca\/dziennikarz\">Pisarz\/wydawca\/dziennikarz<\/option>\n        \n            <option value=\"Broker\/doradca\">Broker\/doradca<\/option>\n        \n            <option value=\"Przedsi\u0119biorca\">Przedsi\u0119biorca<\/option>\n        \n            <option value=\"Kierownik (dyr. naczelny, dyr. d\/s produkcji)\">Kierownik (dyr. naczelny, dyr. d\/s produkcji)<\/option>\n        \n            <option value=\"Partner\/W\u0142a\u015bciciel\">Partner\/W\u0142a\u015bciciel<\/option>\n        \n            <option value=\"Funkcjonariusz rz\u0105dowy\">Funkcjonariusz rz\u0105dowy<\/option>\n        \n            <option value=\"Wojskowy\">Wojskowy<\/option>\n        \n            <option value=\"Inny\">Inny<\/option>\n        \n            <option value=\"Emeryt\">Emeryt<\/option>\n        \n    <\/select>\n<\/p>\n<p class=\"wysija-paragraph\">\n\t<label class=\"wysija-select-label\">Miejsce pracy: <\/label>\n    <select class=\"wysija-select \" name=\"wysija[field][cf_8]\">\n        \n        \n            <option value=\"Prosz\u0119 wybra\u0107:\">Prosz\u0119 wybra\u0107:<\/option>\n        \n            <option value=\"Kszta\u0142cenie\/szko\u0142y\/uniwersytety\">Kszta\u0142cenie\/szko\u0142y\/uniwersytety<\/option>\n        \n            <option value=\"Energia\/paliwo\/us\u0142ugi\/chemikalia\">Energia\/paliwo\/us\u0142ugi\/chemikalia<\/option>\n        \n            <option value=\"Rz\u0105d\/s\u0142u\u017cba dyplomatyczna\/wojsko\">Rz\u0105d\/s\u0142u\u017cba dyplomatyczna\/wojsko<\/option>\n        \n            <option value=\"Dzia\u0142 informacji\/biblioteka\">Dzia\u0142 informacji\/biblioteka<\/option>\n        \n            <option value=\"Marketing\/reklama\/komunikacja\/PR\">Marketing\/reklama\/komunikacja\/PR<\/option>\n        \n            <option value=\"Gazeta\/media\/wydawnictwo\/radio-TV\">Gazeta\/media\/wydawnictwo\/radio-TV<\/option>\n        \n            <option value=\"Organizacja pozarz\u0105d.\/stowarzyszenia\">Organizacja pozarz\u0105d.\/stowarzyszenia<\/option>\n        \n            <option value=\"Instytucje religijne\">Instytucje religijne<\/option>\n        \n            <option value=\"Emeryt\">Emeryt<\/option>\n        \n            <option value=\"Inne\">Inne<\/option>\n        \n    <\/select>\n<\/p>\n<p class=\"wysija-paragraph\">\n    <label>Organizacje: <\/label>\n    \n    \t<input type=\"text\" name=\"wysija[field][cf_9]\" class=\"wysija-input \" title=\"Organizacje: \"  value=\"\" \/>\n    \n    \n    \n    <span class=\"abs-req\">\n        <input type=\"text\" name=\"wysija[field][abs][cf_9]\" class=\"wysija-input validated[abs][cf_9]\" value=\"\" \/>\n    <\/span>\n    \n<\/p>\n<p class=\"wysija-paragraph\">\n    <label>Kraj zamieszkania: <\/label>\n   \t<textarea name=\"wysija[field][cf_10]\" class=\"wysija-textarea \" rows=\"1\" placeholder=\"\"><\/textarea>\n    \n    <span class=\"abs-req\">\n        <input type=\"text\" name=\"wysija[field][abs][cf_10]\" class=\"wysija-input validated[abs][cf_10]\" value=\"\" \/>\n    <\/span>\n    \n<\/p>\n<p class=\"wysija-paragraph\">\n\t<label>Sk\u0105d dowiedzia\u0142a\u015b\/\u0142e\u015b si\u0119 o MEMRI?<\/label>\n    \n    \t<label class=\"wysija-radio-label\"><input type=\"radio\" class=\"wysija-radio \" name=\"wysija[field][cf_12]\" value=\"Od przyjaciela (e-mail lub inaczej)\"  \/>Od przyjaciela (e-mail lub inaczej)<\/label>\n    \n    \t<label class=\"wysija-radio-label\"><input type=\"radio\" class=\"wysija-radio \" name=\"wysija[field][cf_12]\" value=\"Z magazynu\/artykulu\"  \/>Z magazynu\/artykulu<\/label>\n    \n    \t<label class=\"wysija-radio-label\"><input type=\"radio\" class=\"wysija-radio \" name=\"wysija[field][cf_12]\" value=\"Z pisma akademickiego\"  \/>Z pisma akademickiego<\/label>\n    \n    \t<label class=\"wysija-radio-label\"><input type=\"radio\" class=\"wysija-radio \" name=\"wysija[field][cf_12]\" value=\"Z artykulu gazetowego\"  \/>Z artykulu gazetowego<\/label>\n    \n    \t<label class=\"wysija-radio-label\"><input type=\"radio\" class=\"wysija-radio \" name=\"wysija[field][cf_12]\" value=\"Z witryny internetowej\"  \/>Z witryny internetowej<\/label>\n    \n    \t<label class=\"wysija-radio-label\"><input type=\"radio\" class=\"wysija-radio \" name=\"wysija[field][cf_12]\" value=\"Inne\"  \/>Inne<\/label>\n    \n<\/p>\n\r\n<input class=\"wysija-submit wysija-submit-field\" type=\"submit\" value=\"Subskrybowa\u0107!\" \/>\n\n    <input type=\"hidden\" name=\"form_id\" value=\"3\" \/>\n    <input type=\"hidden\" name=\"action\" value=\"save\" \/>\n    <input type=\"hidden\" name=\"controller\" value=\"subscribers\" \/>\n    <input type=\"hidden\" value=\"1\" name=\"wysija-page\" \/>\n\n    \n        <input type=\"hidden\" name=\"wysija[user_list][list_ids]\" value=\"1\" \/>\n    \n <\/form><\/div>[\/vc_column_text]<\/div><\/div><\/div><\/div><\/div>","protected":false},"excerpt":{"rendered":"[vc_custom_heading text=\"ZAPRENUMERUJ\" font_container=\"tag:h2|text_align:center|color:%23ffffff\" google_fonts=\"font_family:Oswald%3A300%2Cregular%2C700|font_style:400%20regular%3A400%3Anormal\"] [vc_custom_heading text=\"Prosz\u0119 o wpisanie na list\u0119 abonent\u00f3w po polsku\" font_container=\"tag:h2|text_align:left|color:%23545454\" google_fonts=\"font_family:Oswald%3A300%2Cregular%2C700|font_style:400%20regular%3A400%3Anormal\"] [vc_custom_heading text=\"To jest darmo. Zapisz si\u0119 poni\u017cej.\" font_container=\"tag:h4|text_align:left|color:%23545454\" google_fonts=\"font_family:Oswald%3A300%2Cregular%2C700|font_style:400%20regular%3A400%3Anormal\"][vc_column_text]Aby zapisa\u0107 si\u0119 na darmow\u0105 subskrypcj\u0119 po polsku, prosz\u0119 wype\u0142ni\u0107 prosty formularz. Twoje informacje s\u0105 zabezpieczone. MEMRI nigdy nie przekazuje dalej \u017cadnych osobistych informacji. Imi\u0119 i Nazwisko Email * Ulica Kraj Miasto [...]","protected":false},"author":1,"featured_media":0,"parent":0,"menu_order":0,"comment_status":"closed","ping_status":"open","template":"","meta":{"footnotes":""},"class_list":["post-63","page","type-page","status-publish","hentry"],"_links":{"self":[{"href":"https:\/\/www2.memri.org\/polish\/wp-json\/wp\/v2\/pages\/63","targetHints":{"allow":["GET"]}}],"collection":[{"href":"https:\/\/www2.memri.org\/polish\/wp-json\/wp\/v2\/pages"}],"about":[{"href":"https:\/\/www2.memri.org\/polish\/wp-json\/wp\/v2\/types\/page"}],"author":[{"embeddable":true,"href":"https:\/\/www2.memri.org\/polish\/wp-json\/wp\/v2\/users\/1"}],"replies":[{"embeddable":true,"href":"https:\/\/www2.memri.org\/polish\/wp-json\/wp\/v2\/comments?post=63"}],"version-history":[{"count":4,"href":"https:\/\/www2.memri.org\/polish\/wp-json\/wp\/v2\/pages\/63\/revisions"}],"predecessor-version":[{"id":9690,"href":"https:\/\/www2.memri.org\/polish\/wp-json\/wp\/v2\/pages\/63\/revisions\/9690"}],"wp:attachment":[{"href":"https:\/\/www2.memri.org\/polish\/wp-json\/wp\/v2\/media?parent=63"}],"curies":[{"name":"wp","href":"https:\/\/api.w.org\/{rel}","templated":true}]}}